by 35.
33
Suppose 16136*l = 16127*l + 153. Calculate the remainder when 116 is divided by l.
14
Let w(a) = -a**3 - 16*a**2 - 17*a - 22. Suppose -2*x = 2*r + 133 + 23, 0 = 5*r - 10. Calculate the remainder when w(-15) is divided by (x/24)/((-3)/(27/6)).
3
Let r(i) = i**3 - 13*i**2 - 30*i - 4. Let f be r(15). Calculate the remainder when 153 is divided by f*(-21)/24*4.
13
Let h = 4599 + -4546. Calculate the remainder when 2119 is divided by h.
52
Let k(x) = 144*x**3 - 5*x**2 + 6*x - 20. Let a be k(4). Suppose a = -28*h + 25716. What is the remainder when h is divided by 7?
4
Suppose 6*x = 2*x + 56. Suppose 8*a - 264 = -3*a. Calculate the remainder when a is divided by x.
10
Suppose -4*v - 4*z = -28, -195*v + 196*v - 3*z = 27. What is the remainder when 1417 is divided by v?
1
Suppose 11*i = 4541 - 251. Suppose 10*d + 0*d - i = 0. What is the remainder when 3/(-4)*700/(-7) is divided by d?
36
Suppose 2373 + 112871 = 41*l + 147*l. Calculate the remainder when l is divided by 47.
2
Suppose 2*c - 66 = -o - 21, 60 = 3*c - o. Suppose 0 = -3*f + 5*f - 24. Suppose 2*q = -8, 5*q = -3*g - f + 1. What is the remainder when c is divided by g?
0
Let v be (-4)/(-10) + (-13)/(-5). Suppose 2*r = 3*a - 4 + 2, -3*r = 4*a + 20. What is the remainder when v/((-519)/264 - a) is divided by 10?
8
Let v(k) = k - 21. Let y be v(18). Let c(x) = -x**3 + 5*x**2 - 7. Suppose 7*m - 6*m - 19 = 0. Calculate the remainder when c(y) is divided by m.
8
Calculate the remainder when 199 is divided by (-3)/1*7/21 + (-504)/(-7).
57
Calculate the remainder when 2191 is divided by 23 + 5/(30/(-42)) + 1.
15
Let v be 60/70 + (-60)/21. Suppose 59 + 9 = 4*i. What is the remainder when i is divided by -8*v*9/24?
5
Suppose 111*s - 15 = 106*s. Calculate the remainder when 0*1/s*-3 + 41 is divided by 4.
1
Suppose -3*x = -c + 50, -3*x + 56 = 124*c - 123*c. What is the remainder when c is divided by 25?
3
Suppose -20 - 8 = -7*f. Suppose -2*j + d - 158 = 79, j + f*d + 96 = 0. Let i = 159 + j. What is the remainder when i is divided by 10?
3
Calculate the remainder when (-3)/(6/(-4)) + 1082 + 173 is divided by 180.
177
Suppose 0 = 10*t - 8*t - 8. Let r(n) = 3*n**2 - 12*n - 4. Let k be r(t). What is the remainder when 7 is divided by 2*6/k + 6?
1
Let b = -7 - -1. Suppose -352 = -5*h - f + 5*f, h = -2*f + 76. What is the remainder when 104 is divided by ((-9)/b)/(6/h)?
14
Let s(a) = a**3 + 3*a**2 - 2*a. Let x be 0 - 6/(-3)*-1. Suppose 96*g - 456 - 1044 = 612. Calculate the remainder when g is divided by s(x).
6
Suppose 19*t - 2995 = 13231. Calculate the remainder when t is divided by 22.
18
Let j(i) = 158*i - 144. What is the remainder when j(3) is divided by 82?
2
Let z(j) = -7 + 13*j + j - 283*j**2 + 275*j**2 + j**3. Let r be z(6). Calculate the remainder when ((-6)/2)/(r/(-165)) is divided by 25.
24
Let p = 519 - -109. Suppose 6*v - 2*v + p = 0. Let o = v - -237. What is the remainder when o is divided by 41?
39
Suppose -39*o + 28*o = -15840. Suppose 32*h + 192 = o. What is the remainder when h is divided by 10?
9
Let c(z) = 3*z - 8. Let p be c(4). Suppose x - 2*h - 70 = 0, -8*x + 316 = -p*x + 4*h. Calculate the remainder when x is divided by 17.
8
Let i = -173 - -151. What is the remainder when 8/(-4 + (-92)/i) is divided by 12?
8
Suppose -196*h = -1389 - 1747. What is the remainder when 1795 is divided by h?
3
Calculate the remainder when 91 is divided by (2/6)/(144/6912).
11
Let u = -3513 - -3519. What is the remainder when 9 is divided by u?
3
Let v = 4811 - 2490. Calculate the remainder when v is divided by 155.
151
Suppose -8*g + 50 = -86. Suppose -2*t - 3*t + v = -g, -3*v = -2*t - 1. Calculate the remainder when 18 is divided by t.
2
Suppose -64440 = -10*q - 19*q - 11*q. What is the remainder when q is divided by 399?
15
Let q(g) = -g**3 + 15*g**2 - 30*g + 92. Let n be q(13). What is the remainder when 405/1350 - 2/(n/(-9274)) is divided by 39?
35
Suppose 7*b = 522 + 2740. Calculate the remainder when 479 is divided by b.
13
Suppose -2*k + 366 = -2*x, -4*k + 33*x - 34*x = -702. Calculate the remainder when k is divided by 30.
27
Let o(t) = 4*t**2 - 111*t - 1913. What is the remainder when o(-51) is divided by 95?
92
Let d(m) = m + 30. Let t(f) = -288*f + 882. Calculate the remainder when d(0) is divided by t(3).
12
Suppose 23*j = 42*j + 37*j - 2688. Calculate the remainder when j is divided by 17.
14
Let l(s) = -s**3 + 41*s**2 - 67*s + 660. What is the remainder when l(37) is divided by 122?
119
Let t(h) = -52*h**3 - 188*h**2 + h + 2. Calculate the remainder when t(-4) is divided by 42.
24
Let p be (-3 - -4)/(2*(-3)/126). Let s(q) = -10*q**2 + 155*q - 16. What is the remainder when s(14) is divided by 7*p/6*-2?
47
Suppose 10418*w = 10460*w - 984564. Calculate the remainder when w is divided by 9.
6
Let z(o) = -2*o**2 - 28*o - 4. Suppose 4*j = 7 - 59. Let f be z(j). Suppose -2*x + 9 = b - 9, 2*x + f = 3*b. Calculate the remainder when b is divided by 3.
1
Let b be ((-6)/(-4))/(17/34). Suppose -5*u - v = -2*v - 759, -2*u + 314 = -b*v. Calculate the remainder when u is divided by 38.
37
Let p = -4280 - -4347. Calculate the remainder when 232 is divided by p.
31
Let n = -2993 + 3232. Calculate the remainder when n is divided by 68.
35
Let t = -10154 + 10252. Calculate the remainder when 910 is divided by t.
28
Suppose -5*g + 14 = -109 - 2. Calculate the remainder when 96 is divided by g.
21
Let s = 4190 - 4170. Let x(j) = 8*j + 1. Calculate the remainder when x(3) is divided by s.
5
Suppose 15*t - 28 = -193. Let f(h) = h**3 + 10*h**2 - 10*h + 27. What is the remainder when 42 is divided by f(t)?
10
Suppose -4*z - 6020 = -2*g - 5*z, -3*g + 2*z + 9023 = 0. What is the remainder when g is divided by 14?
13
What is the remainder when 3229 is divided by (-539)/(-66) + 7/((-336)/(-40))?
7
Suppose -4*n + 5*n - 25 = 0. Suppose 0 = -28*i + 5*i + 1702. Calculate the remainder when i is divided by n.
24
Suppose 2681 = 9*d - 8448 - 202. What is the remainder when d is divided by 213?
194
Let z be ((-6)/(-9))/((-4)/(-762)). Suppose h = 4*y - 136, 2*h - 50*y + 47*y = -252. Let l = z + h. Calculate the remainder when 20 is divided by l.
6
Let p = -925 + 1003. What is the remainder when ((-26)/p)/(2/(-762)) is divided by 49?
29
Let u(y) = -66*y**3 - 5*y**2 - 7*y - 25. What is the remainder when u(-2) is divided by 18?
11
Let a = 144 - 146. Let l = -12 + 20. Calculate the remainder when (15/9 - -3)/(a/(-6)) is divided by l.
6
Let j(h) = 121*h - 325. Calculate the remainder when j(8) is divided by 132.
115
Let o = -863 + 877. Let s = 61 - 58. What is the remainder when o is divided by s?
2
Let p(l) = -l**3 - 7*l**2 + 8*l + 17. Let o = 4 + -2. Suppose w = o, -4*w + 0*w = k. Calculate the remainder when p(k) is divided by 9.
8
Suppose 22*h + 1288 = 36*h. Calculate the remainder when 1745 is divided by h.
89
What is the remainder when 615 is divided by 25/((-275)/5588)*5/(-20)?
107
Let v(r) = 34*r**2 - 3*r + 5. Calculate the remainder when v(3) is divided by 11*(-18)/(-2475) - (-1892)/100.
17
Let d(t) = -79*t - 3454. Calculate the remainder when 0 - -351 - 0/3 is divided by d(-44).
21
Let v(y) = -3*y**3 - 20*y**2 - 73*y - 4. What is the remainder when v(-5) is divided by 23?
6
Let n(w) = -97*w + 86. What is the remainder when n(0) is divided by (48/(-30))/((-2)/20)?
6
Let d(w) = 73*w**3 - 3*w**2 + w + 1. Let k be d(1). Suppose j = -4*p - 72, j = -0*j + 4*p - k. Let m = j + 120. Calculate the remainder when m is divided by 13.
9
Let z(l) = 67*l - 497. Let s = 27 - 15. Calculate the remainder when z(8) is divided by s.
3
Let h be 7 + (-2 - (0 + -2)). Suppose 10 = h*x - 5*x. Suppose -2*t - 67 = -x*w, 4 = w - 5*t - 14. What is the remainder when 25 is divided by w?
12
Let s(g) = 86*g + 115. Let x = 47 - 40. Calculate the remainder when s(x) is divided by 45.
42
Suppose -217*l = 234*l - 466*l + 1050. Suppose 0*p - 2*p = 0. Suppose p = -u - 3 + 28. What is the remainder when l is divided by u?
20
Suppose 0 = -504*h + 509*h + 2590. Let a = -358 - h. Suppose -2*w + 33 = -21. Calculate the remainder when a is divided by w.
25
Let f(j) = -4*j**3 - 7*j**2 - 25*j - 43. Calculate the remainder when 394 is divided by f(-3).
9
Suppose -5*p + 329 - 319 = 0. Suppose -3*y - 1 = -2*c - 2*y, 5*y - 19 = -p*c. What is the remainde